{"id":1198,"date":"2025-08-20T12:31:10","date_gmt":"2025-08-20T12:31:10","guid":{"rendered":"https:\/\/grafint.dk\/?page_id=1198"},"modified":"2025-09-02T09:23:27","modified_gmt":"2025-09-02T09:23:27","slug":"kontakt","status":"publish","type":"page","link":"https:\/\/grafint.dk\/index.php\/kontakt\/","title":{"rendered":"Kontakt"},"content":{"rendered":"\t\t<div data-elementor-type=\"wp-page\" data-elementor-id=\"1198\" class=\"elementor elementor-1198\" data-elementor-post-type=\"page\">\n\t\t\t\t<div class=\"elementor-element elementor-element-41c953b elementor-hidden-desktop e-flex e-con-boxed wpr-particle-no wpr-jarallax-no wpr-parallax-no wpr-sticky-section-no e-con e-parent\" data-id=\"41c953b\" data-element_type=\"container\" data-settings=\"{&quot;background_background&quot;:&quot;classic&quot;}\">\n\t\t\t\t\t<div class=\"e-con-inner\">\n\t\t<div class=\"elementor-element elementor-element-ccb2f4a e-con-full e-flex wpr-particle-no wpr-jarallax-no wpr-parallax-no wpr-sticky-section-no e-con e-child\" data-id=\"ccb2f4a\" data-element_type=\"container\">\n\t\t<div class=\"elementor-element elementor-element-e2ceb2d e-con-full e-flex wpr-particle-no wpr-jarallax-no wpr-parallax-no wpr-sticky-section-no e-con e-child\" data-id=\"e2ceb2d\" data-element_type=\"container\">\n\t\t\t\t<div class=\"elementor-element elementor-element-73c2d8b elementor-widget elementor-widget-heading\" data-id=\"73c2d8b\" data-element_type=\"widget\" data-widget_type=\"heading.default\">\n\t\t\t\t\t<h2 class=\"elementor-heading-title elementor-size-default\">Klar til at skille dig ud? Start dit projekt i dag med en uforpligtende snak<\/h2>\t\t\t\t<\/div>\n\t\t\t\t<div class=\"elementor-element elementor-element-fd3f5cd elementor-widget elementor-widget-text-editor\" data-id=\"fd3f5cd\" data-element_type=\"widget\" data-widget_type=\"text-editor.default\">\n\t\t\t\t\t\t\t\t\t<p class=\"p1\">Uanset om du har en f\u00e6rdig id\u00e9 eller blot en tanke p\u00e5 tegnebr\u00e6ttet, hj\u00e6lper vi dig videre. Sammen finder vi den rette l\u00f8sning, der f\u00e5r dit brand til at skille sig ud.<\/p>\t\t\t\t\t\t\t\t<\/div>\n\t\t\t\t<\/div>\n\t\t<div class=\"elementor-element elementor-element-76bc57f e-con-full e-flex wpr-particle-no wpr-jarallax-no wpr-parallax-no wpr-sticky-section-no e-con e-child\" data-id=\"76bc57f\" data-element_type=\"container\">\n\t\t\t\t<div class=\"elementor-element elementor-element-6919d3c elementor-widget__width-initial elementor-widget-mobile__width-inherit elementor-button-align-stretch elementor-widget elementor-widget-form\" data-id=\"6919d3c\" data-element_type=\"widget\" data-settings=\"{&quot;step_next_label&quot;:&quot;Next&quot;,&quot;step_previous_label&quot;:&quot;Previous&quot;,&quot;button_width&quot;:&quot;100&quot;,&quot;step_type&quot;:&quot;number_text&quot;,&quot;step_icon_shape&quot;:&quot;circle&quot;}\" data-widget_type=\"form.default\">\n\t\t\t\t\t\t\t<form class=\"elementor-form\" method=\"post\" name=\"New Form\">\n\t\t\t<input type=\"hidden\" name=\"post_id\" value=\"1198\"\/>\n\t\t\t<input type=\"hidden\" name=\"form_id\" value=\"6919d3c\"\/>\n\t\t\t<input type=\"hidden\" name=\"referer_title\" value=\"Kontakt - Grafint\" \/>\n\n\t\t\t\t\t\t\t<input type=\"hidden\" name=\"queried_id\" value=\"1198\"\/>\n\t\t\t\n\t\t\t<div class=\"elementor-form-fields-wrapper elementor-labels-\">\n\t\t\t\t\t\t\t\t<div class=\"elementor-field-type-text elementor-field-group elementor-column elementor-field-group-name elementor-col-50\">\n\t\t\t\t\t\t\t\t\t\t\t\t<label for=\"form-field-name\" class=\"elementor-field-label elementor-screen-only\">\n\t\t\t\t\t\t\t\tNavn\t\t\t\t\t\t\t<\/label>\n\t\t\t\t\t\t\t\t\t\t\t\t\t\t<input size=\"1\" type=\"text\" name=\"form_fields[name]\" id=\"form-field-name\" class=\"elementor-field elementor-size-sm  elementor-field-textual\" placeholder=\"Navn\">\n\t\t\t\t\t\t\t\t\t\t\t<\/div>\n\t\t\t\t\t\t\t\t<div class=\"elementor-field-type-tel elementor-field-group elementor-column elementor-field-group-field_64f0c48 elementor-col-50\">\n\t\t\t\t\t\t\t\t\t\t\t\t<label for=\"form-field-field_64f0c48\" class=\"elementor-field-label elementor-screen-only\">\n\t\t\t\t\t\t\t\tTlf. nr.\t\t\t\t\t\t\t<\/label>\n\t\t\t\t\t\t\t\t<input size=\"1\" type=\"tel\" name=\"form_fields[field_64f0c48]\" id=\"form-field-field_64f0c48\" class=\"elementor-field elementor-size-sm  elementor-field-textual\" placeholder=\"Tlf. nr.\" pattern=\"[0-9()#&amp;+*-=.]+\" title=\"Only numbers and phone characters (#, -, *, etc) are accepted.\">\n\n\t\t\t\t\t\t<\/div>\n\t\t\t\t\t\t\t\t<div class=\"elementor-field-type-email elementor-field-group elementor-column elementor-field-group-email elementor-col-100 elementor-field-required\">\n\t\t\t\t\t\t\t\t\t\t\t\t<label for=\"form-field-email\" class=\"elementor-field-label elementor-screen-only\">\n\t\t\t\t\t\t\t\tEmail\t\t\t\t\t\t\t<\/label>\n\t\t\t\t\t\t\t\t\t\t\t\t\t\t<input size=\"1\" type=\"email\" name=\"form_fields[email]\" id=\"form-field-email\" class=\"elementor-field elementor-size-sm  elementor-field-textual\" placeholder=\"Email\" required=\"required\">\n\t\t\t\t\t\t\t\t\t\t\t<\/div>\n\t\t\t\t\t\t\t\t<div class=\"elementor-field-type-text elementor-field-group elementor-column elementor-field-group-produkt elementor-col-100 elementor-field-required\">\n\t\t\t\t\t\t\t\t\t\t\t\t<label for=\"form-field-produkt\" class=\"elementor-field-label elementor-screen-only\">\n\t\t\t\t\t\t\t\tProdukt\t\t\t\t\t\t\t<\/label>\n\t\t\t\t\t\t\t\t\t\t\t\t\t\t<input size=\"1\" type=\"text\" name=\"form_fields[produkt]\" id=\"form-field-produkt\" class=\"elementor-field elementor-size-sm  elementor-field-textual\" placeholder=\"Produkt\" required=\"required\">\n\t\t\t\t\t\t\t\t\t\t\t<\/div>\n\t\t\t\t\t\t\t\t<div class=\"elementor-field-group elementor-column elementor-field-type-submit elementor-col-100 e-form__buttons\">\n\t\t\t\t\t<button class=\"elementor-button elementor-size-sm\" type=\"submit\">\n\t\t\t\t\t\t<span class=\"elementor-button-content-wrapper\">\n\t\t\t\t\t\t\t\t\t\t\t\t\t\t\t\t\t\t\t\t\t\t<span class=\"elementor-button-text\">Send<\/span>\n\t\t\t\t\t\t\t\t\t\t\t\t\t<\/span>\n\t\t\t\t\t<\/button>\n\t\t\t\t<\/div>\n\t\t\t<\/div>\n\t\t<\/form>\n\t\t\t\t\t\t<\/div>\n\t\t\t\t<\/div>\n\t\t\t\t<\/div>\n\t\t\t\t\t<\/div>\n\t\t\t\t<\/div>\n\t\t\t\t<\/div>\n\t\t","protected":false},"excerpt":{"rendered":"<p>Klar til at skille dig ud? Start dit projekt i dag med en uforpligtende snak Uanset om du har en f\u00e6rdig id\u00e9 eller blot en tanke p\u00e5 tegnebr\u00e6ttet, hj\u00e6lper vi dig videre. Sammen finder vi den rette l\u00f8sning, der f\u00e5r dit brand til at skille sig ud.<\/p>\n","protected":false},"author":1,"featured_media":0,"parent":0,"menu_order":0,"comment_status":"closed","ping_status":"closed","template":"","meta":{"footnotes":""},"class_list":["post-1198","page","type-page","status-publish","hentry"],"yoast_head":"<!-- This site is optimized with the Yoast SEO plugin v25.9 - https:\/\/yoast.com\/wordpress\/plugins\/seo\/ -->\n<title>Kontakt - Grafint<\/title>\n<meta name=\"robots\" content=\"index, follow, max-snippet:-1, max-image-preview:large, max-video-preview:-1\" \/>\n<link rel=\"canonical\" href=\"https:\/\/grafint.dk\/index.php\/kontakt\/\" \/>\n<meta property=\"og:locale\" content=\"da_DK\" \/>\n<meta property=\"og:type\" content=\"article\" \/>\n<meta property=\"og:title\" content=\"Kontakt - Grafint\" \/>\n<meta property=\"og:description\" content=\"Klar til at skille dig ud? Start dit projekt i dag med en uforpligtende snak Uanset om du har en f\u00e6rdig id\u00e9 eller blot en tanke p\u00e5 tegnebr\u00e6ttet, hj\u00e6lper vi dig videre. Sammen finder vi den rette l\u00f8sning, der f\u00e5r dit brand til at skille sig ud.\" \/>\n<meta property=\"og:url\" content=\"https:\/\/grafint.dk\/index.php\/kontakt\/\" \/>\n<meta property=\"og:site_name\" content=\"Grafint\" \/>\n<meta property=\"article:modified_time\" content=\"2025-09-02T09:23:27+00:00\" \/>\n<meta name=\"twitter:card\" content=\"summary_large_image\" \/>\n<meta name=\"twitter:label1\" content=\"Estimeret l\u00e6setid\" \/>\n\t<meta name=\"twitter:data1\" content=\"1 minut\" \/>\n<script type=\"application\/ld+json\" class=\"yoast-schema-graph\">{\"@context\":\"https:\/\/schema.org\",\"@graph\":[{\"@type\":\"WebPage\",\"@id\":\"https:\/\/grafint.dk\/index.php\/kontakt\/\",\"url\":\"https:\/\/grafint.dk\/index.php\/kontakt\/\",\"name\":\"Kontakt - Grafint\",\"isPartOf\":{\"@id\":\"https:\/\/grafint.dk\/#website\"},\"datePublished\":\"2025-08-20T12:31:10+00:00\",\"dateModified\":\"2025-09-02T09:23:27+00:00\",\"breadcrumb\":{\"@id\":\"https:\/\/grafint.dk\/index.php\/kontakt\/#breadcrumb\"},\"inLanguage\":\"da-DK\",\"potentialAction\":[{\"@type\":\"ReadAction\",\"target\":[\"https:\/\/grafint.dk\/index.php\/kontakt\/\"]}]},{\"@type\":\"BreadcrumbList\",\"@id\":\"https:\/\/grafint.dk\/index.php\/kontakt\/#breadcrumb\",\"itemListElement\":[{\"@type\":\"ListItem\",\"position\":1,\"name\":\"Hjem\",\"item\":\"https:\/\/grafint.dk\/\"},{\"@type\":\"ListItem\",\"position\":2,\"name\":\"Kontakt\"}]},{\"@type\":\"WebSite\",\"@id\":\"https:\/\/grafint.dk\/#website\",\"url\":\"https:\/\/grafint.dk\/\",\"name\":\"Grafint\",\"description\":\"Tryksager &amp; Grafisk Design\",\"publisher\":{\"@id\":\"https:\/\/grafint.dk\/#organization\"},\"potentialAction\":[{\"@type\":\"SearchAction\",\"target\":{\"@type\":\"EntryPoint\",\"urlTemplate\":\"https:\/\/grafint.dk\/?s={search_term_string}\"},\"query-input\":{\"@type\":\"PropertyValueSpecification\",\"valueRequired\":true,\"valueName\":\"search_term_string\"}}],\"inLanguage\":\"da-DK\"},{\"@type\":\"Organization\",\"@id\":\"https:\/\/grafint.dk\/#organization\",\"name\":\"Grafint\",\"url\":\"https:\/\/grafint.dk\/\",\"logo\":{\"@type\":\"ImageObject\",\"inLanguage\":\"da-DK\",\"@id\":\"https:\/\/grafint.dk\/#\/schema\/logo\/image\/\",\"url\":\"\",\"contentUrl\":\"\",\"caption\":\"Grafint\"},\"image\":{\"@id\":\"https:\/\/grafint.dk\/#\/schema\/logo\/image\/\"}}]}<\/script>\n<!-- \/ Yoast SEO plugin. -->","yoast_head_json":{"title":"Kontakt - Grafint","robots":{"index":"index","follow":"follow","max-snippet":"max-snippet:-1","max-image-preview":"max-image-preview:large","max-video-preview":"max-video-preview:-1"},"canonical":"https:\/\/grafint.dk\/index.php\/kontakt\/","og_locale":"da_DK","og_type":"article","og_title":"Kontakt - Grafint","og_description":"Klar til at skille dig ud? Start dit projekt i dag med en uforpligtende snak Uanset om du har en f\u00e6rdig id\u00e9 eller blot en tanke p\u00e5 tegnebr\u00e6ttet, hj\u00e6lper vi dig videre. Sammen finder vi den rette l\u00f8sning, der f\u00e5r dit brand til at skille sig ud.","og_url":"https:\/\/grafint.dk\/index.php\/kontakt\/","og_site_name":"Grafint","article_modified_time":"2025-09-02T09:23:27+00:00","twitter_card":"summary_large_image","twitter_misc":{"Estimeret l\u00e6setid":"1 minut"},"schema":{"@context":"https:\/\/schema.org","@graph":[{"@type":"WebPage","@id":"https:\/\/grafint.dk\/index.php\/kontakt\/","url":"https:\/\/grafint.dk\/index.php\/kontakt\/","name":"Kontakt - Grafint","isPartOf":{"@id":"https:\/\/grafint.dk\/#website"},"datePublished":"2025-08-20T12:31:10+00:00","dateModified":"2025-09-02T09:23:27+00:00","breadcrumb":{"@id":"https:\/\/grafint.dk\/index.php\/kontakt\/#breadcrumb"},"inLanguage":"da-DK","potentialAction":[{"@type":"ReadAction","target":["https:\/\/grafint.dk\/index.php\/kontakt\/"]}]},{"@type":"BreadcrumbList","@id":"https:\/\/grafint.dk\/index.php\/kontakt\/#breadcrumb","itemListElement":[{"@type":"ListItem","position":1,"name":"Hjem","item":"https:\/\/grafint.dk\/"},{"@type":"ListItem","position":2,"name":"Kontakt"}]},{"@type":"WebSite","@id":"https:\/\/grafint.dk\/#website","url":"https:\/\/grafint.dk\/","name":"Grafint","description":"Tryksager &amp; Grafisk Design","publisher":{"@id":"https:\/\/grafint.dk\/#organization"},"potentialAction":[{"@type":"SearchAction","target":{"@type":"EntryPoint","urlTemplate":"https:\/\/grafint.dk\/?s={search_term_string}"},"query-input":{"@type":"PropertyValueSpecification","valueRequired":true,"valueName":"search_term_string"}}],"inLanguage":"da-DK"},{"@type":"Organization","@id":"https:\/\/grafint.dk\/#organization","name":"Grafint","url":"https:\/\/grafint.dk\/","logo":{"@type":"ImageObject","inLanguage":"da-DK","@id":"https:\/\/grafint.dk\/#\/schema\/logo\/image\/","url":"","contentUrl":"","caption":"Grafint"},"image":{"@id":"https:\/\/grafint.dk\/#\/schema\/logo\/image\/"}}]}},"_links":{"self":[{"href":"https:\/\/grafint.dk\/index.php\/wp-json\/wp\/v2\/pages\/1198","targetHints":{"allow":["GET"]}}],"collection":[{"href":"https:\/\/grafint.dk\/index.php\/wp-json\/wp\/v2\/pages"}],"about":[{"href":"https:\/\/grafint.dk\/index.php\/wp-json\/wp\/v2\/types\/page"}],"author":[{"embeddable":true,"href":"https:\/\/grafint.dk\/index.php\/wp-json\/wp\/v2\/users\/1"}],"replies":[{"embeddable":true,"href":"https:\/\/grafint.dk\/index.php\/wp-json\/wp\/v2\/comments?post=1198"}],"version-history":[{"count":25,"href":"https:\/\/grafint.dk\/index.php\/wp-json\/wp\/v2\/pages\/1198\/revisions"}],"predecessor-version":[{"id":2562,"href":"https:\/\/grafint.dk\/index.php\/wp-json\/wp\/v2\/pages\/1198\/revisions\/2562"}],"wp:attachment":[{"href":"https:\/\/grafint.dk\/index.php\/wp-json\/wp\/v2\/media?parent=1198"}],"curies":[{"name":"wp","href":"https:\/\/api.w.org\/{rel}","templated":true}]}}